 greatest common factor of 20 and b.
20
Let f be (2 - 1)/(20 - 18)*14. Let z be (1 - (-5 + f))/(2/(-10)). What is the highest common factor of z and 20?
5
Suppose 52*f - 72158 - 25368 = -91*f. What is the greatest common factor of f and 155?
31
Let t be 62 + (-1 - 0)*10/5. Suppose -4*u + 2*z + t = 0, -2*u - 3*z + 30 = -z. Calculate the highest common factor of u and 405.
15
Suppose -l + 120 - 114 = 0. Let w be 3976/88 - l/33. What is the highest common divisor of w and 360?
45
Let h(d) = 3*d**2 - 3*d + 8. Let u be h(6). Let g = -86 + u. Let a be (8 + g/4)/1. What is the greatest common factor of a and 110?
11
Suppose 1248 = -50*z + 62*z. Calculate the highest common divisor of z and 2808.
104
Let s = 65 + -36. Suppose 81 = 3*i - 3*z, 0*z - 4*z = i - 27. Suppose i*m - 12*m - 1305 = 0. What is the highest common factor of s and m?
29
Let t(k) = -2*k**2 - 4*k + 4. Let h be t(5). Let o = 99 + h. Suppose -3*j + 99 = -6*s + 3*s, 99 = 3*j - s. What is the greatest common divisor of o and j?
33
Suppose 3*y - 25 = 2*d, -d - 4*y - 27 = -9. Let g = d + 147. Calculate the greatest common factor of 19 and g.
19
Suppose 0 = -15*c + 40*c - 138150. What is the highest common factor of c and 18?
18
Suppose -99*v = -68 - 229. Calculate the highest common factor of 3093 and v.
3
Let q(j) = 6*j**3 - 7*j**2 + 5*j - 67. Let m be q(5). Let b = 1 - -25. What is the greatest common divisor of b and m?
13
Let s be (27/(-3))/(-72) + ((-55094)/(-16))/13. What is the highest common factor of 8 and s?
1
Suppose -1364*o + 7785 = -224*o - 10455. Suppose 3*h - 5*n - 201 = -0*n, -5*h + 3*n + 351 = 0. Let b = h - -72. What is the greatest common divisor of o and b?
16
Let n = -14 + 15. Let o = -93 - -193. Let t = -89 + o. What is the highest common divisor of n and t?
1
Let z(t) = -t - 1. Let n(p) = 29*p - 42. Let m(s) = n(s) - 6*z(s). Let g be m(4). What is the highest common factor of g and 260?
52
Suppose 15*m = -73*m + 45144. Let f = 37 - 18. What is the greatest common factor of f and m?
19
Suppose 4 = 2*t, x = 5*x - 5*t + 310. Let s = -45 - x. Let v be ((-10)/(-6) - 1)*(-6 + s). Calculate the greatest common factor of 2 and v.
2
Suppose -b - 179 = -2*m, 47*b - 49*b + 362 = 4*m. Calculate the highest common factor of m and 1140.
30
Let z = -17 + 82. Let v be 25 + ((-78)/z)/(6/(-20)). Calculate the greatest common factor of v and 145.
29
Let u = 11 - 7. Suppose -20*w + 19*w + 14 = -2*s, -8*w + 3*s = -47. What is the highest common divisor of u and w?
4
Let l(u) = -u**3 + 20*u**2 - 17*u - 37. Let f be l(19). Let m be ((f + -2)*1)/(2/(-46)). Calculate the highest common factor of m and 207.
23
Let u(z) = -2*z**3 + 30*z**2 - 22*z + 49. Let t be u(14). What is the greatest common factor of t and 304?
19
Suppose 143*h - 715 = 130*h. Suppose 0 = -f + 2*w + h, -f + 36 = -5*w - 34. What is the highest common factor of 45 and f?
45
Suppose a - 15 = -5*i, 0 = a + i + 9 - 16. Let h be 796/a + (-12)/(-15). What is the highest common factor of h and 10?
10
Let m be (328/205)/(((-2)/870)/(44/(-33))). Calculate the greatest common factor of 812 and m.
116
Suppose -18*s + 550 = 4*s. Let f be (17/(-5) + 4)/(3/s). What is the greatest common divisor of f and 6?
1
Suppose -3*p + 12 = -0. Suppose 38 = 3*w + 5*r, 0 = -p*w - 3*r + 49 + 9. Suppose w*x - 495 = 13*x. What is the highest common divisor of x and 15?
15
Let c be ((-36)/14)/((-78)/1820). Suppose -25 = -5*u, 4*n + 0*n + 3*u = 335. Calculate the greatest common divisor of c and n.
20
Suppose 24 = 153*q - 147*q. Suppose -746 - 130 = -3*p. Calculate the highest common divisor of q and p.
4
Let w be ((-2)/4)/(5/190). Let f = -14 - 160. Let a = w - f. Calculate the greatest common factor of 31 and a.
31
Suppose 37976 + 77386 = 117*o. What is the greatest common factor of o and 68?
34
Suppose -7*z + 16*z + 1620 = 0. Let o = z + 186. Let m be (0 - -12)*6/4. What is the greatest common factor of m and o?
6
Let h(t) = -9*t + 105 + 0*t**2 - 98 + 2*t**2. Let v be h(4). Suppose 4*c + v = 55. Calculate the highest common divisor of c and 13.
13
Let h(t) be the second derivative of t**4/4 + 3*t**3 + 4*t**2 + 313*t. Suppose -14 = -0*o + 2*o. Let w be h(o). What is the highest common factor of 29 and w?
29
Let n(m) = 4*m**3 - 495*m**2 - 124*m + 162. Let a be n(124). Let p = -23 - -41. What is the highest common factor of a and p?
18
Suppose -17*g + 122 = 20. Suppose 0 = -2*c - 2*c - 36. Let n be ((-33)/c - -1)*g. Calculate the greatest common factor of n and 308.
28
Let p be 1 + -2 + (123 - -1). Let s = -12350 + 12391. What is the highest common divisor of s and p?
41
Let n(c) = -c**3 + 14*c**2 - 36*c - 17. Let v = 731 - 725. Let k be n(v). Calculate the highest common divisor of k and 33.
11
Let m(p) = 4*p**2 - 343*p + 211. Let q be m(104). What is the greatest common divisor of q and 27?
27
Let r = -483 - -715. What is the highest common divisor of 40 and r?
8
Suppose 7*z + z = 16. Let j be (-7*(-4)/(-5))/(z/(-80)). Calculate the greatest common divisor of 14 and j.
14
Let o be (-114864)/(19 - 43) + (-14)/2. What is the highest common factor of o and 59?
59
Let b = -26 - -521. Let y = -207 + b. Calculate the highest common factor of y and 9.
9
Let c = 1296 - 621. Calculate the highest common divisor of c and 125.
25
Suppose -4608 = -11570*d + 11558*d. What is the greatest common divisor of d and 1056?
96
Suppose 2*f + 74 = -5*g, f - 4*g = -8*g - 40. Let j = 400 + -40. Let y be (j/f)/((-3)/8). What is the highest common factor of 12 and y?
6
Let f(l) = 3*l + 42. Let v be f(-23). Let a(j) = -2*j - 44. Let m be a(v). What is the highest common factor of 310 and m?
10
Let n = -35 - -34. Let p be n/6 + (-873)/(-54). Let h(z) = 26*z - 36. Let w be h(2). What is the greatest common factor of w and p?
16
Suppose 18946 = -4*o + 23186. What is the greatest common factor of o and 50?
10
Let c = 120 - 101. Suppose j + c = 25. Suppose j*y + 33 = 303. Calculate the highest common divisor of y and 60.
15
Let n be 3580/(-210)*-9 - (-6)/(-14). Suppose -160*i + 3920 = -n*i. Calculate the greatest common factor of i and 35.
35
Let s = 3061 + -3057. Let i = -34 + 42. Calculate the greatest common factor of s and i.
4
Let b be (9/2)/(2/(-72)). Let v = b - -262. Suppose -3*k + 5*g = -145, -15*k = 3*g + g - 319. What is the highest common divisor of k and v?
25
Suppose 28*m = 31*m - 9. Suppose -o + 2*o + 4*l - 61 = 0, 3*o - m*l - 168 = 0. What is the greatest common factor of 19 and o?
19
Let u be -8*8/(-192) + 4566/(-9). Let h = u + 526. What is the highest common factor of 247 and h?
19
Let j(x) = 55*x - 1. Let h be (-3 + 1 + 4)/((-10)/(-5)). Let s be j(h). What is the highest common divisor of 81 and s?
27
Suppose -9*l - 4*l = -208. Let c(w) = 4*w - 24. Let x be c(l). What is the highest common factor of x and 60?
20
Let c = -63 + 68. Suppose 5*o + 833 = 4*w, c*w - 5*o + 315 - 1355 = 0. Calculate the greatest common factor of 9 and w.
9
Let j = -251 - -574. Suppose 2*c - 14 + 40 = 0. Let n(l) = -3*l - 20. Let p be n(c). Calculate the highest common factor of p and j.
19
Suppose 4089 = 30*p - 4 + 943. What is the highest common divisor of 405 and p?
15
Let s(d) = d + 1. Suppose 2*i = -w + 6*w - 14, 5*w = 10. Let v be s(i). Let u be v - 2 - 312/(-2). Calculate the highest common divisor of u and 17.
17
Suppose -342 = 13*s + 113. Let p be (-8)/(-28) + (-4 - 6745/s). Calculate the highest common factor of 21 and p.
21
Let p be (-24)/(-14)*(-3038)/(-651). Let g(a) = -11*a - 4. Suppose 16 = -4*t, -f + 3*f = 2*t. Let m be g(f). Calculate the greatest common divisor of m and p.
8
Suppose 5*t + 2 - 107 = 5*p, 0 = 4*t + 3*p - 119. Let m = 536 - 1196. Let q be m/(-50) + (-1)/5. Calculate the highest common factor of t and q.
13
Let v(h) = h**3 + 62*h**2 - 138*h + 854. Let k be v(-64). Calculate the highest common divisor of 332 and k.
166
Let d = 47421 - 28332. Calculate the greatest common divisor of 189 and d.
189
Let u = 15391 + 1424. Calculate the highest common divisor of 855 and u.
285
Let h = 33 - 15. Let k(d) = -d + 20. Suppose 0*m + 3*m - 17 = -c, m = 3. Let j be k(c). Calculate the highest common divisor of h and j.
6
Suppose 5*u - 39*f + 37*f = 1056, 0 = 2*f + 16. Calculate the greatest common factor of 7176 and u.
104
Suppose p = -r + 1129 + 6227, -p + 4*r + 7396 